2*z - 59. Let j be z - (-3 - (3*-2 + 2)). Calculate the highest common factor of j and 64.
16
Suppose -2*j + 3 = -5. Suppose 2*z + 2 = -5*v, -2*v = 2*v - 8. Let w be (1 - (-9)/z)*-24. Calculate the highest common factor of w and j.
4
Suppose 2*m = -13 + 5, -m = 2*j. Let u be (-41)/((-4)/(6 - j)). What is the greatest common factor of u and 41?
41
Let d(b) = -b**3 - 2*b**2 + 3*b - 8. Let s be d(-5). Suppose -2*y + 2*h = 2*y - s, y = 2*h + 13. Calculate the greatest common factor of y and 117.
13
Let v(d) = 29*d**3 + 2*d**2 - 2*d + 1. Let n be v(1). Suppose 13*f + 315 = 1784. Let q = f - 93. What is the highest common divisor of n and q?
10
Let u(x) = 3*x**2 + x - 11. Let v be u(-4). Suppose 3*n = -2*h + v, -h + 2*h = -n + 12. Calculate the greatest common factor of n and 9.
9
Suppose 0 = -3*i, 3*o + i = 4*o - 22. Suppose 0 = 2*y - y - 55. What is the highest common factor of y and o?
11
Let r be (-33)/((-5)/(-150)*-5). Calculate the highest common factor of r and 108.
18
Let k = -590 - -690. Calculate the greatest common factor of 4 and k.
4
Let t be (-19)/152 + 755/(-40). Let s(g) = g**3 - g**2 - 3*g - 2. Let c be s(-3). Let i = t - c. Calculate the greatest common factor of 80 and i.
10
Let g be 209/5 + 8/(-10) + -1. Let v = -14 + 30. Calculate the highest common divisor of g and v.
8
Let r be -3*(-749)/7 + (3 - 2). Calculate the greatest common factor of 14 and r.
14
Let o be 13*2/((-2)/(-1)). Let q = 337 - 194. Suppose 0 = -7*p + q + 858. What is the highest common factor of o and p?
13
Let g(y) = y**3 - 8*y**2 + 19*y - 12. Let r be g(7). Let d be 520/r + 4/(-18). Let f = 7 + 7. Calculate the highest common factor of f and d.
7
Let v(k) = 6*k**2. Let l be v(-1). Suppose -15*z + 146 + 124 = 0. Calculate the greatest common divisor of l and z.
6
Suppose 0*q + 6 = q. Let b be 0*(-3)/q*-1. Suppose -4*p - 937 = -5*l, b = -4*l + 2*p + 390 + 362. Calculate the greatest common factor of l and 21.
21
Let w(l) = -l**2 + 13*l - 25. Let z be w(11). Let q(g) = g**2 - g - 5. Let u be q(z). Calculate the greatest common factor of 63 and u.
7
Let g = 573 - 513. What is the greatest common factor of g and 345?
15
Suppose 5*k - y - 6 = 0, 4*k + k + 5*y = 0. Suppose 3*t = r + 122, 0 + k = r. What is the greatest common divisor of 369 and t?
41
Let k be (4/(-3))/((-4)/(-18)). Let x be k/8 + 91/4. What is the highest common factor of 242 and x?
22
Suppose 0 = -5*w + 10*w - 1170. What is the highest common divisor of 144 and w?
18
Let y = -26 - -43. Suppose -12*b + y*b - 1100 = 0. What is the highest common factor of b and 20?
20
Suppose 5*y = 5*r + 290, 5*r - 54 - 160 = -4*y. Let c = y + -36. Suppose 5*l + 115 = 5*x, -1 + 10 = -3*l. Calculate the greatest common factor of x and c.
20
Let k = -19 + 77. Suppose -3*n - p = 13 - k, -4*p = -12. Let s(a) = -28*a - 665. Let l be s(-24). What is the highest common factor of n and l?
7
Let h be (2 - 13) + 247 + -1*5. Calculate the highest common factor of 84 and h.
21
Suppose -d = 4*x + 14 + 1, -3*x + 10 = 5*d. Let s(u) = 28*u + 3. Let j be s(d). What is the greatest common divisor of 13 and j?
13
Let t = 77 + -71. Let z be 170/t - 4/(-6). Calculate the greatest common divisor of 261 and z.
29
Suppose 65*u - 7326 = 28*u. What is the greatest common divisor of 462 and u?
66
Let p(r) = r**3 - 8*r**2 - 10*r + 36. Let s be p(9). Suppose 116*q - 54 = 110*q. What is the highest common factor of s and q?
9
Suppose 5*g - 4*k = 120, 5*g - 5*k + 7*k = 120. Calculate the highest common divisor of 156 and g.
12
Let v = 170 + -65. Suppose 74 = -0*i + i - 4*n, -3*n - 143 = -2*i. Calculate the highest common factor of v and i.
35
Suppose -80 = x - 5*x. Suppose x = -7*n + 8*n. What is the greatest common divisor of 100 and n?
20
Suppose -x + 6*x = 4*u - 397, 4*u - 377 = x. What is the highest common divisor of u and 4?
1
Let f be ((-16)/(-10))/(24/60). Let j be 2 + 1 + -8 + f. Let x be 1 - (0 + j - 3). Calculate the greatest common factor of 35 and x.
5
Let v be (-15)/(-2)*2 - 8/4. Suppose -4*i + 42 = -5*n, -5 = 4*n - v. What is the greatest common divisor of i and 143?
13
Suppose -b - s = -2*s - 58, -2*b + 108 = -4*s. Let n = 128 - b. Suppose -3*c + 6*c = 18. Calculate the highest common factor of c and n.
6
Let k(y) = y + 10. Let g be k(-10). Suppose g = -0*w + w - 8. Let q be w/12 - (-49)/3. What is the highest common factor of q and 68?
17
Suppose -50 = -y - 4*y. Let q = 687 - 691. Let h be 175/y + (-2)/q. What is the greatest common factor of h and 36?
18
Let m(i) = 10*i + 46. Let g be m(9). Calculate the highest common factor of g and 24.
8
Suppose 3*c - 112 = 4*z + 200, 0 = 3*c - 2*z - 306. What is the greatest common factor of c and 650?
50
Let d(c) be the second derivative of c**5/20 + c**4/2 - c**3/6 + 5*c**2 - 9*c. Let n be d(-6). Calculate the greatest common divisor of n and 24.
8
Suppose -r - f = -89, -2*r + 69 = -r - 3*f. Let k = -9 + 18. Let m = 3 + k. What is the highest common divisor of r and m?
12
Let v = 34 + -7. Let k(a) = -a**3 + 10*a**2 + 3*a - 22. Let r be k(9). Suppose -82*u + r*u - 72 = 0. What is the highest common divisor of u and v?
9
Let f(p) = -p + 6. Let h be f(4). Let s(n) = -8 + 26 - 11*n + n**2 - h*n. Let c be s(12). Calculate the highest common factor of 2 and c.
2
Let c be (-97 - -1)*(-8 - -18)/(-5). Calculate the highest common divisor of c and 24.
24
Suppose -5*g + a = -2*a - 225, -4*g = 2*a - 180. What is the greatest common divisor of 345 and g?
15
Suppose -12*h + 17 + 1159 = 0. Calculate the greatest common divisor of 336 and h.
14
Let v be 4/(-8)*-6 + (-2 - -2). Calculate the greatest common divisor of 3 and v.
3
Suppose -5*z + 2*f - 28 = 0, 3*z + 2*f = 6*z + 20. Let v be 13/(-52) - 21/z. What is the greatest common divisor of 35 and v?
5
Let v = -2 + 37. Let i(r) = 45*r**3 - 2*r**2 + 3*r - 1. Let n be i(1). Let o = n + -31. Calculate the greatest common factor of v and o.
7
Suppose 0*s + 5*s - 4*x + 28 = 0, -s = -3*x + 10. Let q = -10 - s. Let y be (-83)/(-3) + q/(-18). Calculate the greatest common factor of 4 and y.
4
Let b(n) = -2670*n**2 + 2679*n**2 - 13 - n**3 + 5*n - 24. Let c be b(9). Let w = -74 + 130. What is the highest common factor of w and c?
8
Let r be 1/12 + 14171/444. Let o be ((-1040)/39)/(2/(-6)). What is the greatest common factor of o and r?
16
Let j be (-1 - 0) + -7 + 2. Let m be 54/(j/(-1) - 4). Let i = m + -20. What is the highest common divisor of i and 28?
7
Let k be (12/18)/(1/3). Suppose -2*h - 9 = -25. Calculate the greatest common factor of k and h.
2
Let t(p) = -p - 1. Let z be t(-3). Suppose -22 = -0*m - z*m. What is the highest common factor of 77 and m?
11
Let i(f) = -f**3 - 14*f**2 - 2*f - 14. Let b be i(-14). Let n(c) = -18*c - 10. Let h be n(-6). What is the greatest common divisor of h and b?
14
Let s(y) = 2*y**2 + 6*y + 4. Let j be s(-7). Suppose 4*g = 6*g - j. Let t = g + -14. What is the highest common divisor of t and 8?
8
Let q be 145/(-25)*(-35)/7. What is the highest common factor of 493 and q?
29
Let i be 753/2 - (3 + (-20)/8). Calculate the highest common divisor of 47 and i.
47
Suppose 0 = 10*s - 30*s + 220. Let y(p) = 88*p. Let i be y(1). Calculate the highest common factor of s and i.
11
Let s(i) = -i**2 - 25*i + 106. Let j be s(-27). What is the greatest common divisor of 4 and j?
4
Let y be (4/(-5))/(4/(-350)). Let w = 107 - y. Suppose -2*l + 3*b + w + 35 = 0, 8 = -2*b. What is the highest common divisor of 10 and l?
10
Suppose 2*y + 1 = k, -19 = 5*k - 10*k + 3*y. Let i = 81 + -56. What is the greatest common divisor of k and i?
5
Suppose 4*j + 7 = 3*j. Let c be (-6)/(-42) + (-20)/j. What is the highest common factor of c and 24?
3
Let n be 13 + (-880)/64 + (-5661)/(-12). What is the highest common divisor of n and 3?
3
Let y(g) = 4*g**2 + 3*g - 20. Let a be y(-6). Suppose 5*i - 37 = -5*p + 73, 0 = 3*i - 5*p - a. Calculate the greatest common factor of i and 3.
3
Suppose 0 = -v - 3. Let r be v/(-3) - (0 + 0). Let j be (-20)/(-6)*6/5. What is the highest common divisor of j and r?
1
Suppose -4*u = -4*m - 4, u + 2*m + 6 = 1. Let j be (50/(-30))/(u/27). Calculate the highest common factor of j and 9.
9
Suppose -4*l - 8 = -0*l, 4*s = 5*l + 10. Suppose s = -3*i + 7*i - 68. Let p = -284 - -420. Calculate the highest common factor of i and p.
